{"id":13752,"date":"2022-07-18T00:28:19","date_gmt":"2022-07-17T22:28:19","guid":{"rendered":"http:\/\/www.sktravelprive.com\/?page_id=13752"},"modified":"2022-07-18T00:28:21","modified_gmt":"2022-07-17T22:28:21","slug":"lago-di-como-2","status":"publish","type":"page","link":"https:\/\/www.sktravelprive.com\/sk\/lago-di-como-2\/","title":{"rendered":"Lago di Como"},"content":{"rendered":"\n<p>Najkraj\u0161ie jazeroTalianska i cel\u00fdch \u00c1lp je vyh\u013ead\u00e1vanou lokalitov nie len cudzincon, ale aj dom\u00e1cich. Jeho elegancia a noblesa nem\u00e1 konkurenciu.  Vodn\u00fa plochu lemuj\u00fa vysok\u00e9 hory a historick\u00e9 vily, po str\u00e1\u0148ach s\u00fa rozosiate malebn\u00e9 dedinky a voda sa v lete prehreje na teploty podobn\u00e9 Stredozemn\u00e9mu moru. <\/p>\n\n\n\n<div style=\"height:15px\" aria-hidden=\"true\" class=\"wp-block-spacer\"><\/div>\n\n\n\n<figure class=\"wp-block-image size-large\"><img decoding=\"async\" src=\"data:image\/gif;base64,R0lGODlhAQABAIAAAAAAAP\/\/\/yH5BAEAAAAALAAAAAABAAEAAAIBRAA7\" data-src=\"http:\/\/www.sktravelprive.com\/wp-content\/uploads\/2022\/07\/image-1024x684.png\" alt=\"\" class=\"wp-image-13753 lazyload\"\/><noscript><img decoding=\"async\" width=\"1024\" height=\"684\" src=\"http:\/\/www.sktravelprive.com\/wp-content\/uploads\/2022\/07\/image-1024x684.png\" alt=\"\" class=\"wp-image-13753 lazyload\" srcset=\"https:\/\/www.sktravelprive.com\/wp-content\/uploads\/2022\/07\/image-1024x684.png 1024w, https:\/\/www.sktravelprive.com\/wp-content\/uploads\/2022\/07\/image-300x200.png 300w, https:\/\/www.sktravelprive.com\/wp-content\/uploads\/2022\/07\/image-768x513.png 768w, https:\/\/www.sktravelprive.com\/wp-content\/uploads\/2022\/07\/image-1536x1026.png 1536w, https:\/\/www.sktravelprive.com\/wp-content\/uploads\/2022\/07\/image-600x400.png 600w, https:\/\/www.sktravelprive.com\/wp-content\/uploads\/2022\/07\/image.png 2000w\" sizes=\"(max-width: 1024px) 100vw, 1024px\" \/><\/noscript><\/figure>\n\n\n\n<div style=\"height:15px\" aria-hidden=\"true\" class=\"wp-block-spacer\"><\/div>\n\n\n\n<p>Ak raz vymen\u00edte pobyt pri mori za jazero Como, mo\u017eno u\u017e nikdy nebudete chcie\u0165 \u00eds\u0165 inam. Jazero aj okolit\u00e1 krajina si toti\u017e ka\u017ed\u00e9ho podman\u00ed divokou kr\u00e1sou, pobre\u017eie je \u00fa\u017easne \u010dlenit\u00e9, v\u0161ade okolo v\u00e1s bude plno n\u00e1dhern\u00fdch subtropick\u00fdch stromov a kvetov. Lo\u010fkou sa dostanete do okolit\u00fdch meste\u010diek v ktor\u00fdch vl\u00e1dne dovolenkov\u00e1 atmosf\u00e9ra. Malebn\u00e9 v\u00fdh\u013eady vo v\u00e1s zanechaj\u00fa nezabudnute\u013en\u00e9 dojmy. <\/p>\n\n\n\n<div style=\"height:15px\" aria-hidden=\"true\" class=\"wp-block-spacer\"><\/div>\n\n\n\n<h2 class=\"wp-block-heading\">Program<\/h2>\n\n\n\n<p><strong>1 De\u0148:<\/strong> Pr\u00edlet a vyzdvihnutie na letisku. Ubytovanie a exkurzia do meste\u010dka Bergamo. <\/p>\n","protected":false},"excerpt":{"rendered":"<p>Najkraj\u0161ie jazeroTalianska i cel\u00fdch \u00c1lp je vyh\u013ead\u00e1vanou lokalitov nie len cudzincon, ale aj dom\u00e1cich. Jeho elegancia a noblesa nem\u00e1 konkurenciu. Vodn\u00fa plochu lemuj\u00fa vysok\u00e9 hory a historick\u00e9 vily, po str\u00e1\u0148ach s\u00fa rozosiate malebn\u00e9 dedinky a voda sa v lete prehreje na teploty podobn\u00e9 Stredozemn\u00e9mu moru&#8230;.<\/p>\n","protected":false},"author":1,"featured_media":0,"parent":0,"menu_order":0,"comment_status":"closed","ping_status":"closed","template":"","meta":{"footnotes":""},"class_list":["post-13752","page","type-page","status-publish","hentry"],"yoast_head":"<!-- This site is optimized with the Yoast SEO plugin v27.4 - https:\/\/yoast.com\/product\/yoast-seo-wordpress\/ -->\n<title>Lago di Como - SK Travel Priv\u00e8<\/title>\n<meta name=\"robots\" content=\"index, follow, max-snippet:-1, max-image-preview:large, max-video-preview:-1\" \/>\n<link rel=\"canonical\" href=\"https:\/\/www.sktravelprive.com\/sk\/lago-di-como-2\/\" \/>\n<meta property=\"og:locale\" content=\"sk_SK\" \/>\n<meta property=\"og:type\" content=\"article\" \/>\n<meta property=\"og:title\" content=\"Lago di Como - SK Travel Priv\u00e8\" \/>\n<meta property=\"og:description\" content=\"Najkraj\u0161ie jazeroTalianska i cel\u00fdch \u00c1lp je vyh\u013ead\u00e1vanou lokalitov nie len cudzincon, ale aj dom\u00e1cich. Jeho elegancia a noblesa nem\u00e1 konkurenciu. Vodn\u00fa plochu lemuj\u00fa vysok\u00e9 hory a historick\u00e9 vily, po str\u00e1\u0148ach s\u00fa rozosiate malebn\u00e9 dedinky a voda sa v lete prehreje na teploty podobn\u00e9 Stredozemn\u00e9mu moru....\" \/>\n<meta property=\"og:url\" content=\"https:\/\/www.sktravelprive.com\/sk\/lago-di-como-2\/\" \/>\n<meta property=\"og:site_name\" content=\"SK Travel Priv\u00e8\" \/>\n<meta property=\"article:modified_time\" content=\"2022-07-17T22:28:21+00:00\" \/>\n<meta property=\"og:image\" content=\"http:\/\/www.sktravelprive.com\/wp-content\/uploads\/2022\/07\/image-1024x684.png\" \/>\n<meta name=\"twitter:card\" content=\"summary_large_image\" \/>\n<meta name=\"twitter:label1\" content=\"Predpokladan\u00fd \u010das \u010d\u00edtania\" \/>\n\t<meta name=\"twitter:data1\" content=\"1 min\u00fata\" \/>\n<script type=\"application\/ld+json\" class=\"yoast-schema-graph\">{\"@context\":\"https:\\\/\\\/schema.org\",\"@graph\":[{\"@type\":\"WebPage\",\"@id\":\"https:\\\/\\\/www.sktravelprive.com\\\/sk\\\/lago-di-como-2\\\/\",\"url\":\"https:\\\/\\\/www.sktravelprive.com\\\/sk\\\/lago-di-como-2\\\/\",\"name\":\"Lago di Como - SK Travel Priv\u00e8\",\"isPartOf\":{\"@id\":\"https:\\\/\\\/www.sktravelprive.com\\\/sk\\\/#website\"},\"primaryImageOfPage\":{\"@id\":\"https:\\\/\\\/www.sktravelprive.com\\\/sk\\\/lago-di-como-2\\\/#primaryimage\"},\"image\":{\"@id\":\"https:\\\/\\\/www.sktravelprive.com\\\/sk\\\/lago-di-como-2\\\/#primaryimage\"},\"thumbnailUrl\":\"http:\\\/\\\/www.sktravelprive.com\\\/wp-content\\\/uploads\\\/2022\\\/07\\\/image-1024x684.png\",\"datePublished\":\"2022-07-17T22:28:19+00:00\",\"dateModified\":\"2022-07-17T22:28:21+00:00\",\"breadcrumb\":{\"@id\":\"https:\\\/\\\/www.sktravelprive.com\\\/sk\\\/lago-di-como-2\\\/#breadcrumb\"},\"inLanguage\":\"sk-SK\",\"potentialAction\":[{\"@type\":\"ReadAction\",\"target\":[\"https:\\\/\\\/www.sktravelprive.com\\\/sk\\\/lago-di-como-2\\\/\"]}]},{\"@type\":\"ImageObject\",\"inLanguage\":\"sk-SK\",\"@id\":\"https:\\\/\\\/www.sktravelprive.com\\\/sk\\\/lago-di-como-2\\\/#primaryimage\",\"url\":\"http:\\\/\\\/www.sktravelprive.com\\\/wp-content\\\/uploads\\\/2022\\\/07\\\/image-1024x684.png\",\"contentUrl\":\"http:\\\/\\\/www.sktravelprive.com\\\/wp-content\\\/uploads\\\/2022\\\/07\\\/image-1024x684.png\"},{\"@type\":\"BreadcrumbList\",\"@id\":\"https:\\\/\\\/www.sktravelprive.com\\\/sk\\\/lago-di-como-2\\\/#breadcrumb\",\"itemListElement\":[{\"@type\":\"ListItem\",\"position\":1,\"name\":\"Domovsk\u00e1 str\u00e1nka\",\"item\":\"https:\\\/\\\/www.sktravelprive.com\\\/sk\\\/\"},{\"@type\":\"ListItem\",\"position\":2,\"name\":\"Lago di Como\"}]},{\"@type\":\"WebSite\",\"@id\":\"https:\\\/\\\/www.sktravelprive.com\\\/sk\\\/#website\",\"url\":\"https:\\\/\\\/www.sktravelprive.com\\\/sk\\\/\",\"name\":\"SK Travel Priv\u00e8\",\"description\":\"Exclusive tailor-made trips and events for you in Italy\",\"potentialAction\":[{\"@type\":\"SearchAction\",\"target\":{\"@type\":\"EntryPoint\",\"urlTemplate\":\"https:\\\/\\\/www.sktravelprive.com\\\/sk\\\/?s={search_term_string}\"},\"query-input\":{\"@type\":\"PropertyValueSpecification\",\"valueRequired\":true,\"valueName\":\"search_term_string\"}}],\"inLanguage\":\"sk-SK\"}]}<\/script>\n<!-- \/ Yoast SEO plugin. -->","yoast_head_json":{"title":"Lago di Como - SK Travel Priv\u00e8","robots":{"index":"index","follow":"follow","max-snippet":"max-snippet:-1","max-image-preview":"max-image-preview:large","max-video-preview":"max-video-preview:-1"},"canonical":"https:\/\/www.sktravelprive.com\/sk\/lago-di-como-2\/","og_locale":"sk_SK","og_type":"article","og_title":"Lago di Como - SK Travel Priv\u00e8","og_description":"Najkraj\u0161ie jazeroTalianska i cel\u00fdch \u00c1lp je vyh\u013ead\u00e1vanou lokalitov nie len cudzincon, ale aj dom\u00e1cich. Jeho elegancia a noblesa nem\u00e1 konkurenciu. Vodn\u00fa plochu lemuj\u00fa vysok\u00e9 hory a historick\u00e9 vily, po str\u00e1\u0148ach s\u00fa rozosiate malebn\u00e9 dedinky a voda sa v lete prehreje na teploty podobn\u00e9 Stredozemn\u00e9mu moru....","og_url":"https:\/\/www.sktravelprive.com\/sk\/lago-di-como-2\/","og_site_name":"SK Travel Priv\u00e8","article_modified_time":"2022-07-17T22:28:21+00:00","og_image":[{"url":"http:\/\/www.sktravelprive.com\/wp-content\/uploads\/2022\/07\/image-1024x684.png","type":"","width":"","height":""}],"twitter_card":"summary_large_image","twitter_misc":{"Predpokladan\u00fd \u010das \u010d\u00edtania":"1 min\u00fata"},"schema":{"@context":"https:\/\/schema.org","@graph":[{"@type":"WebPage","@id":"https:\/\/www.sktravelprive.com\/sk\/lago-di-como-2\/","url":"https:\/\/www.sktravelprive.com\/sk\/lago-di-como-2\/","name":"Lago di Como - SK Travel Priv\u00e8","isPartOf":{"@id":"https:\/\/www.sktravelprive.com\/sk\/#website"},"primaryImageOfPage":{"@id":"https:\/\/www.sktravelprive.com\/sk\/lago-di-como-2\/#primaryimage"},"image":{"@id":"https:\/\/www.sktravelprive.com\/sk\/lago-di-como-2\/#primaryimage"},"thumbnailUrl":"http:\/\/www.sktravelprive.com\/wp-content\/uploads\/2022\/07\/image-1024x684.png","datePublished":"2022-07-17T22:28:19+00:00","dateModified":"2022-07-17T22:28:21+00:00","breadcrumb":{"@id":"https:\/\/www.sktravelprive.com\/sk\/lago-di-como-2\/#breadcrumb"},"inLanguage":"sk-SK","potentialAction":[{"@type":"ReadAction","target":["https:\/\/www.sktravelprive.com\/sk\/lago-di-como-2\/"]}]},{"@type":"ImageObject","inLanguage":"sk-SK","@id":"https:\/\/www.sktravelprive.com\/sk\/lago-di-como-2\/#primaryimage","url":"http:\/\/www.sktravelprive.com\/wp-content\/uploads\/2022\/07\/image-1024x684.png","contentUrl":"http:\/\/www.sktravelprive.com\/wp-content\/uploads\/2022\/07\/image-1024x684.png"},{"@type":"BreadcrumbList","@id":"https:\/\/www.sktravelprive.com\/sk\/lago-di-como-2\/#breadcrumb","itemListElement":[{"@type":"ListItem","position":1,"name":"Domovsk\u00e1 str\u00e1nka","item":"https:\/\/www.sktravelprive.com\/sk\/"},{"@type":"ListItem","position":2,"name":"Lago di Como"}]},{"@type":"WebSite","@id":"https:\/\/www.sktravelprive.com\/sk\/#website","url":"https:\/\/www.sktravelprive.com\/sk\/","name":"SK Travel Priv\u00e8","description":"Exclusive tailor-made trips and events for you in Italy","potentialAction":[{"@type":"SearchAction","target":{"@type":"EntryPoint","urlTemplate":"https:\/\/www.sktravelprive.com\/sk\/?s={search_term_string}"},"query-input":{"@type":"PropertyValueSpecification","valueRequired":true,"valueName":"search_term_string"}}],"inLanguage":"sk-SK"}]}},"_links":{"self":[{"href":"https:\/\/www.sktravelprive.com\/sk\/wp-json\/wp\/v2\/pages\/13752","targetHints":{"allow":["GET"]}}],"collection":[{"href":"https:\/\/www.sktravelprive.com\/sk\/wp-json\/wp\/v2\/pages"}],"about":[{"href":"https:\/\/www.sktravelprive.com\/sk\/wp-json\/wp\/v2\/types\/page"}],"author":[{"embeddable":true,"href":"https:\/\/www.sktravelprive.com\/sk\/wp-json\/wp\/v2\/users\/1"}],"replies":[{"embeddable":true,"href":"https:\/\/www.sktravelprive.com\/sk\/wp-json\/wp\/v2\/comments?post=13752"}],"version-history":[{"count":1,"href":"https:\/\/www.sktravelprive.com\/sk\/wp-json\/wp\/v2\/pages\/13752\/revisions"}],"predecessor-version":[{"id":13755,"href":"https:\/\/www.sktravelprive.com\/sk\/wp-json\/wp\/v2\/pages\/13752\/revisions\/13755"}],"wp:attachment":[{"href":"https:\/\/www.sktravelprive.com\/sk\/wp-json\/wp\/v2\/media?parent=13752"}],"curies":[{"name":"wp","href":"https:\/\/api.w.org\/{rel}","templated":true}]}}

<p>Najkrajšie jazeroTalianska i celých Álp je vyhľadávanou lokalitov nie len cudzincon, ale aj domácich. Jeho elegancia a noblesa nemá konkurenciu.  Vodnú plochu lemujú vysoké hory a historické vily, po stráňach sú rozosiate malebné dedinky a voda sa v lete prehreje na teploty podobné Stredozemnému moru. </p>



<div style="height:15px" aria-hidden="true" class="wp-block-spacer"></div>



<figure class="wp-block-image size-large"><img decoding="async" src="data:image/gif;base64,R0lGODlhAQABAIAAAAAAAP///yH5BAEAAAAALAAAAAABAAEAAAIBRAA7" data-src="http://www.sktravelprive.com/wp-content/uploads/2022/07/image-1024x684.png" alt="" class="wp-image-13753 lazyload"/><noscript><img decoding="async" width="1024" height="684" src="http://www.sktravelprive.com/wp-content/uploads/2022/07/image-1024x684.png" alt="" class="wp-image-13753 lazyload" srcset="https://www.sktravelprive.com/wp-content/uploads/2022/07/image-1024x684.png 1024w, https://www.sktravelprive.com/wp-content/uploads/2022/07/image-300x200.png 300w, https://www.sktravelprive.com/wp-content/uploads/2022/07/image-768x513.png 768w, https://www.sktravelprive.com/wp-content/uploads/2022/07/image-1536x1026.png 1536w, https://www.sktravelprive.com/wp-content/uploads/2022/07/image-600x400.png 600w, https://www.sktravelprive.com/wp-content/uploads/2022/07/image.png 2000w" sizes="(max-width: 1024px) 100vw, 1024px" /></noscript></figure>



<div style="height:15px" aria-hidden="true" class="wp-block-spacer"></div>



<p>Ak raz vymeníte pobyt pri mori za jazero Como, možno už nikdy nebudete chcieť ísť inam. Jazero aj okolitá krajina si totiž každého podmaní divokou krásou, pobrežie je úžasne členité, všade okolo vás bude plno nádherných subtropických stromov a kvetov. Loďkou sa dostanete do okolitých mestečiek v ktorých vládne dovolenková atmosféra. Malebné výhľady vo vás zanechajú nezabudnuteľné dojmy. </p>



<div style="height:15px" aria-hidden="true" class="wp-block-spacer"></div>



<h2 class="wp-block-heading">Program</h2>



<p><strong>1 Deň:</strong> Prílet a vyzdvihnutie na letisku. Ubytovanie a exkurzia do mestečka Bergamo. </p>

<p>Najkrajšie jazeroTalianska i celých Álp je vyhľadávanou lokalitov nie len cudzincon, ale aj domácich. Jeho elegancia a noblesa nemá konkurenciu. Vodnú plochu lemujú vysoké hory a historické vily, po stráňach sú rozosiate malebné dedinky a voda sa v lete prehreje na teploty podobné Stredozemnému moru&#8230;.</p>

<!-- This site is optimized with the Yoast SEO plugin v27.4 - https://yoast.com/product/yoast-seo-wordpress/ -->
<title>Lago di Como - SK Travel Privè</title>
<meta name="robots" content="index, follow, max-snippet:-1, max-image-preview:large, max-video-preview:-1" />
<link rel="canonical" href="https://www.sktravelprive.com/sk/lago-di-como-2/" />
<meta property="og:locale" content="sk_SK" />
<meta property="og:type" content="article" />
<meta property="og:title" content="Lago di Como - SK Travel Privè" />
<meta property="og:description" content="Najkrajšie jazeroTalianska i celých Álp je vyhľadávanou lokalitov nie len cudzincon, ale aj domácich. Jeho elegancia a noblesa nemá konkurenciu. Vodnú plochu lemujú vysoké hory a historické vily, po stráňach sú rozosiate malebné dedinky a voda sa v lete prehreje na teploty podobné Stredozemnému moru...." />
<meta property="og:url" content="https://www.sktravelprive.com/sk/lago-di-como-2/" />
<meta property="og:site_name" content="SK Travel Privè" />
<meta property="article:modified_time" content="2022-07-17T22:28:21+00:00" />
<meta property="og:image" content="http://www.sktravelprive.com/wp-content/uploads/2022/07/image-1024x684.png" />
<meta name="twitter:card" content="summary_large_image" />
<meta name="twitter:label1" content="Predpokladaný čas čítania" />
	<meta name="twitter:data1" content="1 minúta" />
<script type="application/ld+json" class="yoast-schema-graph">{"@context":"https:\/\/schema.org","@graph":[{"@type":"WebPage","@id":"https:\/\/www.sktravelprive.com\/sk\/lago-di-como-2\/","url":"https:\/\/www.sktravelprive.com\/sk\/lago-di-como-2\/","name":"Lago di Como - SK Travel Privè","isPartOf":{"@id":"https:\/\/www.sktravelprive.com\/sk\/#website"},"primaryImageOfPage":{"@id":"https:\/\/www.sktravelprive.com\/sk\/lago-di-como-2\/#primaryimage"},"image":{"@id":"https:\/\/www.sktravelprive.com\/sk\/lago-di-como-2\/#primaryimage"},"thumbnailUrl":"http:\/\/www.sktravelprive.com\/wp-content\/uploads\/2022\/07\/image-1024x684.png","datePublished":"2022-07-17T22:28:19+00:00","dateModified":"2022-07-17T22:28:21+00:00","breadcrumb":{"@id":"https:\/\/www.sktravelprive.com\/sk\/lago-di-como-2\/#breadcrumb"},"inLanguage":"sk-SK","potentialAction":[{"@type":"ReadAction","target":["https:\/\/www.sktravelprive.com\/sk\/lago-di-como-2\/"]}]},{"@type":"ImageObject","inLanguage":"sk-SK","@id":"https:\/\/www.sktravelprive.com\/sk\/lago-di-como-2\/#primaryimage","url":"http:\/\/www.sktravelprive.com\/wp-content\/uploads\/2022\/07\/image-1024x684.png","contentUrl":"http:\/\/www.sktravelprive.com\/wp-content\/uploads\/2022\/07\/image-1024x684.png"},{"@type":"BreadcrumbList","@id":"https:\/\/www.sktravelprive.com\/sk\/lago-di-como-2\/#breadcrumb","itemListElement":[{"@type":"ListItem","position":1,"name":"Domovská stránka","item":"https:\/\/www.sktravelprive.com\/sk\/"},{"@type":"ListItem","position":2,"name":"Lago di Como"}]},{"@type":"WebSite","@id":"https:\/\/www.sktravelprive.com\/sk\/#website","url":"https:\/\/www.sktravelprive.com\/sk\/","name":"SK Travel Privè","description":"Exclusive tailor-made trips and events for you in Italy","potentialAction":[{"@type":"SearchAction","target":{"@type":"EntryPoint","urlTemplate":"https:\/\/www.sktravelprive.com\/sk\/?s={search_term_string}"},"query-input":{"@type":"PropertyValueSpecification","valueRequired":true,"valueName":"search_term_string"}}],"inLanguage":"sk-SK"}]}</script>
<!-- / Yoast SEO plugin. -->

Lago di Como - SK Travel Privè

Najkrajšie jazeroTalianska i celých Álp je vyhľadávanou lokalitov nie len cudzincon, ale aj domácich. Jeho elegancia a noblesa nemá konkurenciu. Vodnú plochu lemujú vysoké hory a historické vily, po stráňach sú rozosiate malebné dedinky a voda sa v lete prehreje na teploty podobné Stredozemnému moru....

SK Travel Privè

1 minúta

Domovská stránka
